d by 1815?
58
What is the remainder when 11028 is divided by 868?
612
Calculate the remainder when 21308 is divided by 48.
44
Calculate the remainder when 147783 is divided by 196.
195
What is the remainder when 3988 is divided by 2?
0
Calculate the remainder when 123692 is divided by 5153.
20
Calculate the remainder when 9324 is divided by 145.
44
Calculate the remainder when 3851284 is divided by 31.
30
What is the remainder when 5609 is divided by 162?
101
Calculate the remainder when 1255209 is divided by 84.
81
Calculate the remainder when 12839 is divided by 224.
71
Calculate the remainder when 3900 is divided by 3757.
143
Calculate the remainder when 23120 is divided by 7698.
26
What is the remainder when 16507 is divided by 359?
352
What is the remainder when 2924 is divided by 5?
4
What is the remainder when 387451 is divided by 38?
3
Calculate the remainder when 975 is divided by 741.
234
What is the remainder when 8987 is divided by 4402?
183
Calculate the remainder when 4964 is divided by 102.
68
Calculate the remainder when 71357 is divided by 6487.
0
What is the remainder when 40783 is divided by 20341?
101
Calculate the remainder when 178405 is divided by 63.
52
Calculate the remainder when 147762 is divided by 282.
276
What is the remainder when 178465 is divided by 89228?
9
Calculate the remainder when 3733143 is divided by 395.
393
What is the remainder when 16636 is divided by 929?
843
What is the remainder when 462262 is divided by 103?
101
Calculate the remainder when 79594 is divided by 26.
8
What is the remainder when 486 is divided by 41?
35
Calculate the remainder when 23112 is divided by 20.
12
Calculate the remainder when 64602 is divided by 394.
380
Calculate the remainder when 44428 is divided by 157.
154
What is the remainder when 4289 is divided by 93?
11
Calculate the remainder when 53932 is divided by 1740.
1732
What is the remainder when 430 is divided by 419?
11
What is the remainder when 111540 is divided by 27881?
16
What is the remainder when 4979 is divided by 629?
576
What is the remainder when 687 is divided by 591?
96
What is the remainder when 3330 is divided by 179?
108
Calculate the remainder when 6889 is divided by 3304.
281
Calculate the remainder when 813 is divided by 147.
78
What is the remainder when 16793 is divided by 71?
37
Calculate the remainder when 2234534 is divided by 86.
82
What is the remainder when 1049 is divided by 974?
75
What is the remainder when 84194 is divided by 97?
95
What is the remainder when 976943 is divided by 46?
41
What is the remainder when 37047 is divided by 570?
567
Calculate the remainder when 748 is divided by 235.
43
Calculate the remainder when 151933 is divided by 331.
4
Calculate the remainder when 14077 is divided by 6329.
1419
What is the remainder when 3921 is divided by 556?
29
What is the remainder when 45829 is divided by 11449?
33
What is the remainder when 801817 is divided by 191?
190
What is the remainder when 30518 is divided by 8?
6
What is the remainder when 28333 is divided by 709?
682
Calculate the remainder when 718 is divided by 52.
42
What is the remainder when 292159 is divided by 5?
4
Calculate the remainder when 208 is divided by 38.
18
What is the remainder when 245405 is divided by 16?
13
Calculate the remainder when 6941 is divided by 109.
74
Calculate the remainder when 1824 is divided by 469.
417
Calculate the remainder when 19784 is divided by 3955.
9
What is the remainder when 5902 is divided by 1702?
796
Calculate the remainder when 20753 is divided by 1384.
1377
Calculate the remainder when 23147 is divided by 71.
1
Calculate the remainder when 121894 is divided by 514.
76
Calculate the remainder when 26249 is divided by 125.
124
Calculate the remainder when 4021 is divided by 1909.
203
Calculate the remainder when 5126 is divided by 1699.
29
Calculate the remainder when 845 is divided by 338.
169
What is the remainder when 126590 is divided by 117?
113
What is the remainder when 78715 is divided by 8745?
10
Calculate the remainder when 81088 is divided by 81073.
15
Calculate the remainder when 793 is divided by 79.
3
Calculate the remainder when 1599 is divided by 235.
189
Calculate the remainder when 69862 is divided by 43.
30
Calculate the remainder when 50460 is divided by 753.
9
What is the remainder when 75899 is divided by 165?
164
Calculate the remainder when 1328 is divided by 4.
0
Calculate the remainder when 339 is divided by 47.
10
Calculate the remainder when 27829 is divided by 71.
68
What is the remainder when 2004 is divided by 218?
42
What is the remainder when 804429 is divided by 355?
354
Calculate the remainder when 940 is divided by 17.
5
What is the remainder when 4044 is divided by 3871?
173
What is the remainder when 93811 is divided by 93804?
7
Calculate the remainder when 812 is divided by 83.
65
What is the remainder when 3577 is divided by 539?
343
What is the remainder when 99 is divided by 97?
2
Calculate the remainder when 16799 is divided by 420.
419
Calculate the remainder when 881 is divided by 22.
1
Calculate the remainder when 34129 is divided by 11376.
1
Calculate the remainder when 535135 is divided by 56.
55
Calculate the remainder when 3103168 is divided by 105.
103
What is the remainder when 45564 is divided by 1897?
36
Calculate the remainder when 6328 is divided by 45.
28
What is the remainder when 16144 is divided by 99?
7
Calculate the remainder when 55455 is divided by 94.
89
What is the remainder when 158143 is divided by 3857?
6
Calculate the remainder when 170742 is divided by 15.
12
Calculate the remainder when 5299 is divided by 481.
8
What is the remainder when 2951 is divided by 13?
0
What is the remainder when 21245 is divided by 67?
6
Calculate the remainder when 2116 is divided by 737.
642
Calculate the remainder when 90777 is divided by 409.
388
What is the remainder when 276744 is divided by 35?
34
Calculate the remainder when 2958 is divided by 781.
615
What is the remainder when 194053 is divided by 118?
61
Calculate the remainder when 51834 is divided by 101.
21
Calculate the remainder when 29135 is divided by 331.
7
What is the remainder when 5933 is divided by 180?
173
Calculate the remainder when 1082 is divided by 727.
355
What is the remainder when 10448 is divided by 53?
7
What is the remainder when 4835 is divided by 18?
11
What is the remainder when 2218 is divided by 53?
45
What is the remainder when 49935 is divided by 555?
540
What is the remainder when 189667 is divided by 302?
11
What is the remainder when 22566 is divided by 5?
1
Calculate the remainder when 803990 is divided by 956.
950
Calculate the remainder when 177407 is divided by 32.
31
What is the remainder when 8055 is divided by 540?
495
Calculate the remainder when 6398460 is divided by 31.
29
Calculate the remainder when 1589 is divided by 8.
5
What is the remainder when 264318 is divided by 1762?
18
What is the remainder when 103794 is divided by 11?
9
Calculate the remainder when 139029 is divided by 785.
84
What is the remainder when 110304 is divided by 55?
29
Calculate the remainder when 16410 is divided by 37.
19
Calculate the remainder when 10728 is divided by 2389.
1172
Calculate the remainder when 12720 is divided by 2026.
564
What is the remainder when 4411 is divided by 152?
3
What is the remainder when 105889 is divided by 257?
5
Calculate the remainder when 4027 is divided by 244.
123
What is the remainder when 119882 is divided by 89?
88
What is the remainder when 80102 is divided by 17?
15
What is the remainder when 38823 is divided by 626?
11
Calculate the remainder when 7981 is divided by 834.
475
Calculate the remainder when 93945 is divided by 31311.
12
Calculate the remainder when 14265 is divided by 207.
189
Calculate the remainder when 1177 is divided by 366.
79
What is the remainder when 41214 is divided by 46?
44
What is the remainder when 1652 is divided by 275?
2
What is the remainder when 45791 is divided by 1006?
521
Calculate the remainder when 193452 is divided by 491.
489
Calculate the remainder when 30071 is divided by 57.
32
Calculate the remainder when 74724 is divided by 98.
48
What is the remainder when 36603 is divided by 41?
31
Calculate the remain